?
259
What is the remainder when 15168 is divided by 106?
10
Calculate the remainder when 12791 is divided by 6314.
163
Calculate the remainder when 1039 is divided by 31.
16
What is the remainder when 5577 is divided by 15?
12
What is the remainder when 79378 is divided by 13221?
52
Calculate the remainder when 40743 is divided by 1509.
0
Calculate the remainder when 56372 is divided by 3.
2
What is the remainder when 14956 is divided by 481?
45
What is the remainder when 392974 is divided by 687?
10
Calculate the remainder when 6256 is divided by 196.
180
Calculate the remainder when 216400 is divided by 36059.
46
Calculate the remainder when 5178 is divided by 394.
56
What is the remainder when 7522 is divided by 938?
18
What is the remainder when 58134 is divided by 524?
494
Calculate the remainder when 97099 is divided by 68.
63
What is the remainder when 2760 is divided by 1351?
58
Calculate the remainder when 165984 is divided by 15.
9
What is the remainder when 267177 is divided by 146?
143
What is the remainder when 73101 is divided by 155?
96
Calculate the remainder when 995551 is divided by 13.
11
Calculate the remainder when 267347 is divided by 89111.
14
Calculate the remainder when 163493 is divided by 54497.
2
Calculate the remainder when 20087 is divided by 24.
23
What is the remainder when 5253 is divided by 1029?
108
Calculate the remainder when 4857 is divided by 56.
41
What is the remainder when 4766339 is divided by 20?
19
What is the remainder when 3032646 is divided by 1659?
1653
What is the remainder when 679 is divided by 68?
67
What is the remainder when 2404 is divided by 1301?
1103
What is the remainder when 4162 is divided by 459?
31
Calculate the remainder when 126472 is divided by 13.
8
What is the remainder when 187264 is divided by 11704?
0
What is the remainder when 6905 is divided by 1644?
329
Calculate the remainder when 6224 is divided by 222.
8
Calculate the remainder when 841 is divided by 183.
109
Calculate the remainder when 17492 is divided by 17487.
5
Calculate the remainder when 11686 is divided by 233.
36
Calculate the remainder when 12124 is divided by 3026.
20
What is the remainder when 1607 is divided by 750?
107
What is the remainder when 163874 is divided by 475?
474
Calculate the remainder when 22754 is divided by 7581.
11
What is the remainder when 3200 is divided by 1793?
1407
Calculate the remainder when 367843 is divided by 698.
695
Calculate the remainder when 143363 is divided by 64.
3
Calculate the remainder when 1869521 is divided by 1464.
1457
Calculate the remainder when 1162 is divided by 515.
132
Calculate the remainder when 976 is divided by 367.
242
Calculate the remainder when 62376 is divided by 87.
84
What is the remainder when 1887283 is divided by 46?
41
What is the remainder when 9689 is divided by 4733?
223
What is the remainder when 9039 is divided by 2258?
7
What is the remainder when 1201 is divided by 854?
347
Calculate the remainder when 83359 is divided by 116.
71
What is the remainder when 41521 is divided by 407?
7
Calculate the remainder when 5440 is divided by 112.
64
Calculate the remainder when 20892 is divided by 31.
29
What is the remainder when 48836 is divided by 8?
4
What is the remainder when 20794 is divided by 20?
14
What is the remainder when 24438 is divided by 22?
18
What is the remainder when 546398 is divided by 18?
8
What is the remainder when 102583 is divided by 21?
19
What is the remainder when 47595 is divided by 714?
471
Calculate the remainder when 317208 is divided by 152.
136
What is the remainder when 24905 is divided by 305?
200
What is the remainder when 3387 is divided by 241?
13
What is the remainder when 67114 is divided by 22?
14
Calculate the remainder when 354071 is divided by 259.
18
What is the remainder when 29242 is divided by 1624?
10
Calculate the remainder when 1822 is divided by 220.
62
Calculate the remainder when 37127 is divided by 9.
2
Calculate the remainder when 15380 is divided by 275.
255
What is the remainder when 14466 is divided by 14461?
5
Calculate the remainder when 2457 is divided by 642.
531
What is the remainder when 1127 is divided by 22?
5
Calculate the remainder when 37257 is divided by 473.
363
Calculate the remainder when 1857 is divided by 678.
501
What is the remainder when 2585 is divided by 675?
560
What is the remainder when 24909 is divided by 88?
5
Calculate the remainder when 185297 is divided by 85.
82
What is the remainder when 51752 is divided by 458?
456
Calculate the remainder when 50624 is divided by 234.
80
Calculate the remainder when 315744 is divided by 2374.
2
What is the remainder when 43550 is divided by 32?
30
Calculate the remainder when 81139 is divided by 1561.
1528
What is the remainder when 9080 is divided by 9013?
67
Calculate the remainder when 495100 is divided by 464.
12
What is the remainder when 45134 is divided by 3008?
14
What is the remainder when 3481587 is divided by 118?
115
What is the remainder when 1945 is divided by 625?
70
Calculate the remainder when 7972 is divided by 205.
182
Calculate the remainder when 245612 is divided by 417.
416
What is the remainder when 6576 is divided by 27?
15
What is the remainder when 5754 is divided by 222?
204
What is the remainder when 167 is divided by 130?
37
What is the remainder when 2426 is divided by 268?
14
What is the remainder when 66014 is divided by 786?
776
What is the remainder when 7877 is divided by 3912?
53
What is the remainder when 149074 is divided by 49690?
4
What is the remainder when 3651 is divided by 500?
151
What is the remainder when 206135 is divided by 19?
4
Calculate the remainder when 2171903 is divided by 192.
191
Calculate the remainder when 13485 is divided by 775.
310
What is the remainder when 1080041 is divided by 68?
65
What is the remainder when 827 is divided by 352?
123
What is the remainder when 1207 is divided by 706?
501
Calculate the remainder when 5041 is divided by 13.
10
Calculate the remainder when 54168 is divided by 10799.
173
Calculate the remainder when 33939 is divided by 97.
86
What is the remainder when 16317 is divided by 13?
2
Calculate the remainder when 2713 is divided by 26.
9
What is the remainder when 538 is divided by 169?
31
What is the remainder when 40907 is divided by 8?
3
What is the remainder when 5190 is divided by 106?
102
What is the remainder when 108432 is divided by 186?
180
Calculate the remainder when 3928 is divided by 2111.
1817
What is the remainder when 2907 is divided by 55?
47
Calculate the remainder when 10969 is divided by 33.
13
What is the remainder when 1181726 is divided by 21?
14
What is the remainder when 5497 is divided by 323?
6
What is the remainder when 159072 is divided by 525?
522
What is the remainder when 6172 is divided by 257?
4
What is the remainder when 1638981 is divided by 5?
1
What is the remainder when 11214 is divided by 567?
441
What is the remainder when 9310 is divided by 1330?
0
Calculate the remainder when 321436 is divided by 2701.
17
Calculate the remainder when 23509 is divided by 96.
85
What is the remainder when 1938 is divided by 176?
2
What is the remainder when 1050 is divided by 28?
14
Calculate the remainder when 24752 is divided by 111.
110
Calculate the remainder when 1619 is divided by 537.
8
Calculate the remainder when 589253 is divided by 17.
16
Calculate the remainder when 1975 is divided by 28.
15
What is the remainder when 510971 is divided by 127737?
23
Calculate the remainder when 10442 is divided by 369.
110
What is the remainder when 60524 is divided by 15130?
4
Calculate the remainder when 17669 is divided by 71.
61
What is the remainder when 446 is divided by 30?
26
What is the remainder when 3393631 is divided by 47?
43
Calculate the remainder when 1518522 is divided by 1191.
1188
Calculate the remainder when 2107 is divided by 212.
199
What is the remainder when 4022 is divided by 1558?
906
What is the remainder when 862 is divided by 113?
71
Calculate the remainder when 23383 is divided by 8.
7
Calculate the remainder when 163241 is divided by 244.
5
Calculate the remainder when 16096 is divided by 270.
166
Calculate the remainder when 154972 is divided by 138.
136
What is the rema